{"id":498,"date":"2021-12-05T13:51:05","date_gmt":"2021-12-05T10:21:05","guid":{"rendered":"https:\/\/hasatrading.com\/?page_id=498"},"modified":"2021-12-21T13:45:40","modified_gmt":"2021-12-21T10:15:40","slug":"finans","status":"publish","type":"page","link":"http:\/\/suntechtr.com\/?page_id=498&lang=tr","title":{"rendered":"Finans"},"content":{"rendered":"<p>[vc_row][vc_column][vc_single_image image=&#8221;437&#8243; img_size=&#8221;1920*1080&#8243; alignment=&#8221;center&#8221;][vc_column_text]<strong><br \/>\n<\/strong><strong>G\u00fcvenilir ticaret orta\u011f\u0131, en zor zamanlarda bile her zaman performans g\u00f6sterecektir. <\/strong><strong>Suntech<\/strong> <strong>&#8216;n\u0131n \u00e7e\u015fitlendirilmi\u015f fonlama modeli, t\u00fcm piyasa ko\u015fullar\u0131nda etkin bir \u015fekilde \u00e7al\u0131\u015fmas\u0131na olanak tan\u0131r. \u00d6l\u00e7e\u011fi ve yap\u0131s\u0131 i\u015fletmeyi piyasa \u015foklar\u0131ndan korur. Esneklik ve ortaya \u00e7\u0131kan f\u0131rsatlardan yararlanma yetene\u011fi sa\u011flar<\/strong><strong>.<\/strong>[\/vc_column_text][\/vc_column][\/vc_row]<\/p>\n","protected":false},"excerpt":{"rendered":"<p>[vc_row][vc_column][vc_single_image image=&#8221;437&#8243; img_size=&#8221;1920*1080&#8243; alignment=&#8221;center&#8221;][vc_column_text] G\u00fcvenilir ticaret orta\u011f\u0131, en zor zamanlarda bile her zaman performans g\u00f6sterecektir. Suntech &#8216;n\u0131n \u00e7e\u015fitlendirilmi\u015f fonlama modeli, t\u00fcm piyasa ko\u015fullar\u0131nda etkin bir \u015fekilde<span class=\"excerpt-hellip\"> [\u2026]<\/span><\/p>\n","protected":false},"author":1,"featured_media":0,"parent":0,"menu_order":0,"comment_status":"closed","ping_status":"closed","template":"","meta":[],"_links":{"self":[{"href":"http:\/\/suntechtr.com\/index.php?rest_route=\/wp\/v2\/pages\/498"}],"collection":[{"href":"http:\/\/suntechtr.com\/index.php?rest_route=\/wp\/v2\/pages"}],"about":[{"href":"http:\/\/suntechtr.com\/index.php?rest_route=\/wp\/v2\/types\/page"}],"author":[{"embeddable":true,"href":"http:\/\/suntechtr.com\/index.php?rest_route=\/wp\/v2\/users\/1"}],"replies":[{"embeddable":true,"href":"http:\/\/suntechtr.com\/index.php?rest_route=%2Fwp%2Fv2%2Fcomments&post=498"}],"version-history":[{"count":5,"href":"http:\/\/suntechtr.com\/index.php?rest_route=\/wp\/v2\/pages\/498\/revisions"}],"predecessor-version":[{"id":649,"href":"http:\/\/suntechtr.com\/index.php?rest_route=\/wp\/v2\/pages\/498\/revisions\/649"}],"wp:attachment":[{"href":"http:\/\/suntechtr.com\/index.php?rest_route=%2Fwp%2Fv2%2Fmedia&parent=498"}],"curies":[{"name":"wp","href":"https:\/\/api.w.org\/{rel}","templated":true}]}}